 divisor of b and 150?
30
Let v = -243 + 252. Let b be (-3)/(-6)*(-4 - -18). Suppose 60 = 4*y + 4*x, v*y - 2*x = b*y + 38. What is the highest common factor of 153 and y?
17
Suppose -212*c - 4152 = -11803 - 50861. Calculate the highest common factor of c and 7383.
69
Let c = -146 - -139. Let j be c - (6 - 51) - 3. Calculate the highest common divisor of 56 and j.
7
Suppose 6 = -2*c - 2*n, -2*n - 9 = -2*c + 5. Suppose 4*s = 3*s + 14. Suppose b - 4*b + s = -h, -3*h + 13 = 2*b. Calculate the highest common divisor of h and c.
1
Suppose 4*j - 892 = -5*z + 750, -3*j - 2*z = -1228. Calculate the highest common factor of 56 and j.
8
Let c be 6*(-28)/(-6) + 2. Suppose 0 = -4*t + 2*o + 12, -2*o + 10 = -5*t + 25. Let j be (-3*t/(-12))/((-4)/(-32)). What is the highest common factor of j and c?
6
Let f = -54 + 60. Let p be 0*((-2)/(-2) - 8/f). Suppose -6*u + 7*u - 5 = p. What is the greatest common divisor of 15 and u?
5
Let t = 38 - -17. Let b(v) = v**2 + 23*v - 2514. Let m be b(41). What is the greatest common divisor of t and m?
55
Suppose 3*q = 0, -5*o - 317*q + 75 = -321*q. What is the highest common factor of 2475 and o?
15
Suppose -21*g = 57*g - 30*g - 624. Calculate the greatest common factor of g and 23621.
13
Suppose 16*r - 13*r + 3*j + 234 = 0, -2*r + 5*j - 142 = 0. Let g be -120*((-35)/(-28) + r/48). What is the highest common factor of g and 50?
10
Suppose 95 = 4*o - 3*n, -24 = -o + 5*n + 4. Let t be 75/(-30)*460/(-5). What is the greatest common divisor of o and t?
23
Suppose -5*x + 58 = -3*u, -u + 8*x = 10*x + 23. Let l be (-2 + -8)*(u + 20). Calculate the highest common factor of 15 and l.
5
Let u be 2/22 + (-916286)/(-1694)*11. Calculate the greatest common factor of 150 and u.
50
Let q = 17 + -34. Let u = q - -65. Let p = 21 + u. What is the highest common divisor of 46 and p?
23
Let m be 0/(-3) + -4*2. Let r = 8 - m. Suppose -24*i + r*i = -1392. Calculate the greatest common divisor of i and 29.
29
Let q = 593 + -388. Suppose -212*b + 35 = -q*b. Calculate the highest common factor of b and 65.
5
Let h(y) = 257*y + 3473. Let i be h(-13). Let k(m) = -m**3 - 2*m**2 + 10*m - 7. Let n be k(-8). What is the greatest common divisor of i and n?
33
Let b(x) = 259*x**2 + 108*x + 1. Let u be b(3). What is the highest common divisor of 249 and u?
83
Suppose 0 = 51*y - 50*y - 5. Suppose 8*s - 4*q = 6*s + 10, 2*s = -y*q - 35. Let l be 21 - 5/s*12/(-3). What is the highest common factor of l and 119?
17
Suppose 0 = -27*i + 12*i + 60. Suppose 0 = 5*x - 2*u - 615, -43 + 563 = i*x + 4*u. Calculate the highest common factor of 10 and x.
5
Let u be 10/30*(-1 + 1). Suppose 12*i - 5*i - 126 = u. What is the highest common factor of 198 and i?
18
Suppose 3*a - 30 = 4*f, 0 = 5*a - 24*f + 22*f - 64. Suppose 4*s = 27 + 29. Calculate the highest common divisor of a and s.
14
Suppose 30*m - 616 = 48*m - 29*m. What is the highest common factor of m and 1442?
14
Suppose 18*o - 9601 = -3*o + 4406. Calculate the highest common factor of o and 207.
23
Let v = 33110 - 26662. What is the greatest common factor of v and 78?
26
Let z(y) = -y**3 + 8*y**2 + 9*y - 109. Let j be z(6). What is the highest common divisor of j and 3927?
17
Let c(n) = -26*n - 486. Let g be c(-21). What is the greatest common factor of g and 1660?
20
Suppose j + d - 17 = 0, -5*d = j - 60 + 27. Suppose -j*h = 2*h - 630. Suppose 0 = -5*a - 47 + 362. What is the greatest common factor of h and a?
21
Let r = 248486 - 247542. Suppose 0 = h - 23 - 36. What is the highest common divisor of h and r?
59
Let g(s) = -2*s**2 + 80*s - 451. Let x be g(33). Suppose -2310 = 4*n - 9*n. Calculate the highest common factor of n and x.
11
Suppose c - 4*f = -41 + 2, -5*c + f = 176. Let m(j) = -j**3 - 36*j**2 - 32*j + 111. Let n be m(c). Calculate the highest common factor of n and 14.
2
Let a be 0 + (8/(-2) - (-12)/2). Suppose -2*v = -5*b + 230, 3*v - 68 = -a*b - v. What is the highest common factor of b and 132?
44
Suppose 2905 = 5*m + 5*x, 0*x - 7*x + 611 = m. Calculate the greatest common factor of 1890 and m.
18
Let y = 118 + -109. Let k = 566 - 326. Suppose -2*c - c + 75 = u, 4*u - 3*c = k. What is the greatest common divisor of u and y?
9
Suppose 2*r - 6*r + 22821 = 5*y, 0 = -2*y - 4*r + 9126. What is the greatest common factor of 55 and y?
55
Let n be (-39)/(-12) + 2/(-8). Let c be -2*((n - 5) + 1). Suppose 4*i = 4*j + 692, 3*j = -c*i + 514 - 158. What is the greatest common divisor of i and 25?
25
Let z = -5524 + 5650. What is the highest common factor of z and 279?
9
Let y = 29 - 86. Let s = -53 - y. Suppose 3*l - s*x + 137 - 493 = 0, 0 = 3*l - x - 341. Calculate the highest common divisor of l and 14.
14
Let h(s) = s**2 + 304. Let z be h(0). Suppose 4*l = 17*l - 208. Calculate the greatest common factor of l and z.
16
Let z = 3177 + -3099. Let x = 51 + -20. Suppose 2*m + 4*d - 90 = 0, m - 4*d + 4 = x. What is the highest common divisor of m and z?
39
Suppose 30*u - 56759 + 13933 = -68*u. Suppose -3*k + 49 = q - 2*k, 3*k - 239 = -5*q. Calculate the greatest common divisor of u and q.
23
Let w = -54 + 75. Let j = 31 - w. Let y be (6 + -4 - 3)*-1. What is the greatest common factor of j and y?
1
Let p(a) be the first derivative of -2*a**2 + 17*a - 19. Let v be p(0). Let b = -11 + v. Calculate the greatest common factor of 48 and b.
6
Suppose 97 = 13*l - 7. Let p be 136/l*(0 - -2). Let o = p - -66. What is the highest common factor of o and 40?
20
Suppose -217*h + 214*h + 5752 = -5*t, -3822 = -2*h - 3*t. What is the greatest common factor of h and 594?
66
Let w be (384/15)/(2 + (-84)/45). Calculate the greatest common factor of 4512 and w.
96
Let y be 1*2*(1456628/(-31))/(-34). Calculate the greatest common divisor of y and 4.
4
Let f = 115 + -66. Suppose -9*h - f = 140. Let k be 36/8*(-1078)/h. Calculate the highest common factor of k and 21.
21
Let g be 10*((-9)/15 - (0 - 1)). Let x be (-547)/(-5) + 3/5. Suppose -g*h + x = -18. What is the greatest common factor of 8 and h?
8
Suppose -t = 17*t - 378. Suppose 304 = t*g - 368. What is the highest common divisor of 160 and g?
32
Let l be (0 - -5)*4*10*(-2)/(-80). Calculate the greatest common factor of l and 115.
5
Suppose -c + 27 = -3*t, 12 = c - t + 3*t. Let o = -119 - 274. Let b = o - -537. Calculate the greatest common divisor of b and c.
18
Suppose 4*c + 5*a + 105 = -c, 5*c - 4*a + 78 = 0. Let z = -10 - c. Let r be ((-58)/87 - 32/6)*-12. What is the highest common factor of r and z?
8
Suppose 3*t = 2*d + 6347, 10*d = -5*t + 12*d + 10577. Calculate the greatest common divisor of 94 and t.
47
Let h be (3/(-8) - 1334/(-16)) + -7 + 12. Calculate the highest common factor of 80 and h.
8
Suppose -44 - 136 = -2*t. Suppose -5*c + 65 = -25. What is the highest common divisor of t and c?
18
Suppose -1335 - 4355 = -6*o + 1042. What is the greatest common divisor of 66 and o?
66
Let k = 20610 - 20564. What is the greatest common divisor of k and 19481?
23
Let t = 261 + -653. Let q be (-1 + 10/4)*t/(-21). Calculate the greatest common divisor of 7 and q.
7
Let o be (0 - -2)/(13/26). Let q(u) = 23*u + 14. Let k be q(o). Let b = k - 72. Calculate the greatest common divisor of b and 68.
34
Suppose 5 = 2*m - 4*j - 5, 0 = 2*m + 3*j - 3. Suppose m*u - 4 = 8. Suppose -42*d = -36*d - 168. What is the highest common factor of d and u?
4
Let l be (-6)/4 + (-2240)/(-128). Suppose -l*b + 3135 = 17*b. Calculate the highest common factor of 38 and b.
19
Suppose 549*m + 317050 = 574*m. Calculate the greatest common divisor of m and 51.
17
Suppose 6 = v + 5*o - 4, -5*o = 5. Let p be 3 - 2/2 - (-1843)/19. Let s = -24 + p. Calculate the highest common divisor of s and v.
15
Suppose -446*t + 6893 = -333*t. Calculate the highest common divisor of 7991 and t.
61
Suppose -3*q + 2*o + 56 = 0, -2671*q + 4*o = -2669*q - 24. Let j be 6/((-4)/((-176)/6)). What is the greatest common factor of q and j?
22
Suppose 11810 - 11858 = -2*z - 2*y, z - 5*y - 18 = 0. Suppose 4*u + 5*d = u + 123, 0 = 5*d + 15. Calculate the greatest common factor of u and z.
23
Suppose 30*m - 31*m - 898 = -3*p, 4*m - 878 = -3*p. Let i = p - 294. What is the highest common factor of 18 and i?
2
Let b(w) be the third derivative of -29*w**4/24 + w**3/6 + 6*w**2. Let a be b(-4). Let g = 44 + a. What is the greatest common 